q). What is t(h)?
-7
Let c(a) = 3 - 3*a + 4*a**2 - 2*a**3 + a**3 + 2*a**3. Let q be 6*(-1 + 2/4). Let b be -3*1*(-5)/q. Calculate c(b).
-7
Let a = -27 - -31. Suppose -8 = z - 2*i, -2*z + 5 = 3*z - i. Let y(j) = -2*j**2 - 4*j + 0*j**z + 3*j**2. Calculate y(a).
0
Let j(y) = y**2 + y - 7. Let l be 15/2*(-8)/6. Let s = -10 - l. What is j(s)?
-7
Let z(p) be the third derivative of 0 + 0*p - 6*p**2 + 1/6*p**3 - 7/24*p**4. Give z(1).
-6
Suppose -4 + 2 = -w. Let q(m) = -w + 3 + 2*m - m**2 - 2. Suppose -5*o = -h - 2, -o = 2*o + 4*h - 15. What is q(o)?
0
Let i(p) be the third derivative of -11*p**6/720 + p**5/120 - 5*p**4/24 + 2*p**2. Let k(x) be the second derivative of i(x). Determine k(1).
-10
Let c(n) = -n**2 - 9*n - 6. Let x be c(-8). Let y(g) be the second derivative of g + 0*g**x + 1/6*g**3 + 0. What is y(-1)?
-1
Let i(o) be the third derivative of o**5/60 + o**4/6 - 2*o**3/3 + o**2. Calculate i(-5).
1
Let a(z) = -z**2 - 2*z - 1. Let q(m) = m - 1. Let h be q(7). Suppose -15 = -h*f + f. Suppose 2*w - b + 8 = 0, 5*w - f*b = -8*b + 10. Calculate a(w).
-1
Let s(c) be the second derivative of -c**3/6 - 3*c**2 - 3*c. Give s(-6).
0
Let l be -1 + -2 + 2 + -2. Let s be (-2)/(2 + l/2). Let n be (2/(-8))/(s/(-16)). Let d(j) = -3*j**2 - j. What is d(n)?
-2
Let a(f) = -f - 1. Let g(y) = -7*y. Let n(m) = a(m) + g(m). Suppose 0 = -0*x - 3*x - 15. Let i be 5 - 2 - (-1 - x). Determine n(i).
7
Let l be ((-4)/6)/(6/(-45)). Let i(t) be the first derivative of 1 + l*t - 1/3*t**3 - 2*t**2. Calculate i(-5).
0
Suppose -5 - 4 = 3*m. Let v(u) = -2*u + 1. Let a be v(m). Suppose 5*n = -a - 3. Let r(b) = 7*b + 3. Calculate r(n).
-11
Let n(d) = 4*d - d - 5*d. Let a = 10 + -11. Determine n(a).
2
Suppose 2*s = -4*o + 24, 16 = 2*o + 2*s - 0*s. Let d(i) = -i**3 + 4*i**2 + 5*i - 5. Give d(o).
15
Suppose d - i + 3 = -4, 4 = 4*d + 4*i. Let p(s) = -3*s**2 - 7*s - 1. Let x(c) = -c**2 - 2*c. Let r(g) = 3*p(g) - 8*x(g). Determine r(d).
3
Let b = 28 - 16. Let k be (-9)/b - (-2)/(-8). Let t(w) = 3*w**2 - w - 1. Determine t(k).
3
Let b = 21 + -16. Let v(w) = -w**2 + 7*w - 5. Calculate v(b).
5
Let l(n) = 8*n**3 - n + 1. Let i(z) = 5*z + 31. Let f be i(-6). Calculate l(f).
8
Let j be -2*(-3)/9*3. Let m(k) = -3*k**2 + 4*k - 3. Give m(j).
-7
Let u(c) be the third derivative of c**5/60 - c**4/24 + c**3/2 + 26*c**2. Give u(0).
3
Let w(g) = 2*g**2 + 6*g - 2. Let t(l) = -l**2 - l. Let x(h) = -3*t(h) - w(h). What is x(2)?
0
Suppose 0 = -3*l + 1 + 8. Suppose -l*m + 4*x - 1 = 2*m, 5*m = -5*x - 10. Let k(n) = -14 + 27 + n - 12. Determine k(m).
0
Let a(t) = -t**3 - 4*t**2 + 4*t - 3. Let c be a(-5). Let s(d) be the first derivative of d**2/2 - 2*d - 1. What is s(c)?
0
Let q(p) = -16*p**2 + 3*p - 7 + 11*p**2 + 6*p**2. Calculate q(-5).
3
Let w(b) = -5*b**2 - 1. Suppose 0 = -j + o + 6, j - 5*o - 18 = 2*j. Suppose j + 3 = -5*y. Determine w(y).
-6
Let r(p) be the second derivative of -p**4/12 - p**3/2 - 3*p**2/2 - p. Let c = 25 - 27. Calculate r(c).
-1
Let k(z) = -z + 2. Let r(b) = -8 + b**2 - 2 + 0*b + 5*b. Let u be r(-7). Suppose 0*o - 4*i - 7 = o, 3*o - 5*i + u = 0. Determine k(o).
5
Let h(w) = -w**3 + w**2 - w + 1. Let i(f) = 4*f**3 - 10*f**2 + 5*f - 5. Let j(r) = 6*h(r) + i(r). Calculate j(-3).
22
Let u(p) be the first derivative of -p**2 + 2. Suppose -5*z = -4*s - 5, 0*z = -3*s - 3*z + 30. Let m(x) = -x + 9. Let a be m(s). Calculate u(a).
-8
Let k(l) = -l + 3. Let i be k(6). Let x be ((-6)/i + -2)/2. Suppose 2*p = -x*p - 10. Let g(v) = v**2 + 6*v - 6. Give g(p).
-11
Let d(n) = -4*n**3 - n - 1. Let h be (-2)/6*(2 + -8). Let x = 1 - h. What is d(x)?
4
Let g(d) = d**2 - d - 1. Let n = -7 + 9. Give g(n).
1
Let v(t) = -t**2 - 11*t + 14. Suppose d - 2*d - 10 = 0. Let u be (42/(-35))/(4/d). Let y(k) = 4*k - 5. Let j(i) = u*v(i) + 8*y(i). Calculate j(-2).
-8
Let u(q) = q**3 + 2*q**2 - 4*q - 4. Let s(r) = -r**2 + 9*r - 11. Let b be s(8). Let f be u(b). Let a(v) = -v + 6*v + 0 - 1 - v. Calculate a(f).
-5
Let x(g) = 5*g**2 + 8*g + 3. Let b(u) = -4*u**2 - 7*u - 3. Let y(t) = 3*b(t) + 2*x(t). Let f be 15/3 + -3 + 4. Let w be 7/(-3) + f/(-9). What is y(w)?
-6
Let i(a) = -a**3 + 6*a**2 + 8*a - 9. Suppose 4*j - 21 = -3*n - 4, 0 = -n - 5*j + 2. What is i(n)?
-2
Let h(n) = 0 + n**3 - 6 + 3 - 4*n**2 - n - 1. Let y be (-2 - (-10)/8)*4. Let d be (1/1)/(y/(-12)). What is h(d)?
-8
Let a = 18 - 15. Let y(d) = 24 - 24 - a*d**2 - 3*d. Calculate y(-2).
-6
Suppose -c = -g - 5, -c + 0*c - 5*g = -17. Let i(a) = -1 + c*a - 2 + a**2 - 2*a. Suppose -2*x + 6*x + 20 = 0. Determine i(x).
-3
Let f(n) be the third derivative of -n**3 + 1/6*n**4 - 1/60*n**5 - n**2 + 0 + 0*n. Give f(5).
-11
Let w(v) be the third derivative of v**4/12 - 4*v**2. Let x be (1 - -1)/((-6)/3). Calculate w(x).
-2
Let w(b) = b**2 - 2*b - 4. Let f be w(4). Let s(d) = -f*d - 4*d + 0*d + 2*d. Give s(-1).
6
Let u(q) = 2*q**2 - 5*q + 2. Let b be u(3). Let y = -3 + 3. Let c(m) = -b + m**3 + y + 4*m - 4*m**2 + 2 - 3*m. Determine c(4).
1
Let h(x) be the second derivative of -2*x**4/3 + x**3/6 - x**2/2 - 13*x. Determine h(1).
-8
Let c(n) be the third derivative of -7/60*n**5 + 0 + 5/6*n**3 - n**2 - 1/4*n**4 + 0*n - 1/120*n**6. Give c(-6).
5
Let d = -14 + 16. Let f be 9/2 + d/4. Let u(p) = -p**3 + 4*p**2 + 5*p + 4. Calculate u(f).
4
Let g(q) = 10*q**2 + q. Let y = 8 - 7. What is g(y)?
11
Let w(m) = -3*m**2 + 0*m**2 + m**2 + 2 + 0. Let o be 3/(-6) + (-5)/(-2). Let b be 2*o/6*3. Give w(b).
-6
Let m(f) = 20*f - 1. Let y = 4 + -5. Determine m(y).
-21
Let c(g) = 2*g + 4. Suppose z + 3*s - 4 = 0, -3*z + 0*s - s = 20. Let j be 1/(-1 - z/6). What is c(j)?
10
Let i(m) be the first derivative of -2*m**3/3 + 3*m**2/2 + m + 2. Let f(u) = u**2 - 2*u. Let q be f(3). What is i(q)?
-8
Let j(p) = -17*p**2 - p - 1. Let l be 1*(4 - -1)/(-5). What is j(l)?
-17
Let u(p) = -p**2 + p - 1. Let x(c) = 4*c**2 + 2*c + 8. Let y(v) = 3*u(v) + x(v). Suppose 0 = n - 0 + 4. Give y(n).
1
Let o(r) = -2*r - 5. Let s be o(-6). Let y(q) = -q**2 + q**3 - 2*q - 5 - 2*q**2 + s*q - 2*q**2. Calculate y(4).
-1
Let i(t) be the first derivative of -t**4/24 - t**3/6 + 3*t**2/2 - 2. Let y(x) be the second derivative of i(x). Give y(-6).
5
Suppose 3*y + o = 5, -4*o = -y - 0*o + 6. Let w(s) = -3*s + 1 + 2 + s. What is w(y)?
-1
Let x(r) = r**2 - 6*r. Suppose u - 6*n = -n - 5, 5*u + 3*n - 31 = 0. What is x(u)?
-5
Let z be (-14)/8*(-6 - -2). Let h(u) = u**2 - 7*u + 8. Calculate h(z).
8
Suppose 3*m = 9, -d + 4*m = 4 + 3. Suppose -3 = -4*y - d*o + 2, 4*y - 4*o = -4. Let s(g) = -3*g - 5 + y + 1. What is s(-4)?
8
Let c(t) = -t + 2. Let w be c(6). Let v = 2 + 0. Let q(j) = j - 5. Let x(a) = -3*a + 11. Let z(o) = v*x(o) + 5*q(o). Calculate z(w).
1
Suppose -3*n - j = 3*j + 11, -4*n + 3*j = 23. Let i(o) = o**2 + 5*o + 4. Determine i(n).
4
Let a(t) = t**3 + 5*t**2 - 7*t - 8. Let p = 2 + -8. Determine a(p).
-2
Let h(i) = -i**3 - 5*i**2 - 3*i. Let p(x) = 2*x - 6. Let q be p(6). Suppose 4*k + q = -2*t - 0, -4*t = -2*k + 12. Give h(t).
-9
Suppose -2*z - 3*d = 2*z + 12, -d = -3*z + 4. Suppose -5*w + 15 + 0 = z. Suppose 0 = -4*x + 3*x - w. Let q(s) = s + 2. Calculate q(x).
-1
Suppose -2*v = -4*v. Let r(c) = -c**2 + c + 8. Let w be r(v). Suppose 0*y - 4*o + w = -4*y, -2*o = y - 1. Let h(q) = 4*q**3 - q - 1. Determine h(y).
-4
Let s(m) = 6*m**3 + m**2. Let l(w) = w**3 + 17*w**2 + 2*w + 33. Let x be l(-17). Give s(x).
-5
Let g(m) = 5*m**3 - 4*m**2 - 9*m - 6. Let c(z) = z**3 - z. Let r(d) = -6*c(d) + g(d). Suppose -8*f - 15 = -3*f. Let n be ((-2)/f)/(5/(-30)). Calculate r(n).
6
Let p(r) = -2 + 0 - 3*r**2 - 2*r**3 + r**3 + 3*r**3 + 2*r. Calculate p(2).
6
Let b(o) = o**2 - 9*o - 36. Let s be b(12). Let l(r) be the third derivative of 0 + 1/20*r**5 - 3*r**2 - 1/60*r**6 + 1/3*r**3 + s*r - 1/8*r**4. Determine l(2).
-8
Let r(n) be the second derivative of -3/2*n**2 - 1/12*n**4 + 0 + n - 5/6*n**3. Suppose 5*s + 5 = 0, -4*s + 8 = -3*t - 3. Give r(t).
-3
Let a(t) = -t**3 + 2*t**2 - 14*t + 3. Let c(v) = v**3 - 3*v**2 + 13*v - 4. Let z = -19 - -15. Let u(j) = z*a(j) - 5*c(j). Calculate u(6).
-10
Let j(x) = x**2 + 7*x + 1. Let r(a) = -a**2 - 6*a - 1. Let k(t) = 5*j(t) + 6*r(t). Suppose 15 = -3*i + 3. Give k(i).
-13
Let n(u) = -3*u + 8. Let r(l) = 4*l - 7. Let z(b) = -2*n(b) - 3*r(b). Give z(5).
-25
Let w(f) = 2*f + 15. Let c = -176 - -166. Calculate w(